74 a prime number?
False
Is 13579 composite?
True
Is 10601 a prime number?
True
Is 17657 prime?
True
Is 152183 a prime number?
True
Is 63419 composite?
False
Is 168599 prime?
True
Is 22499 composite?
True
Is 5755 a composite number?
True
Is 41641 composite?
False
Is 105509 composite?
False
Is 33947 a prime number?
False
Is 1103915 a prime number?
False
Is 10949 a prime number?
True
Is 5465 prime?
False
Is 404007 a composite number?
True
Is 4533 a composite number?
True
Is 1151 composite?
False
Is 346811 prime?
False
Is 31157 a prime number?
False
Is 10223 a prime number?
True
Is 147023 a composite number?
True
Is 65998 a composite number?
True
Is 59333 composite?
False
Is 431921 prime?
False
Is 78977 composite?
False
Is 715789 composite?
False
Is 2953 composite?
False
Is 81509 prime?
True
Is 675359 composite?
True
Is 508771 a composite number?
False
Is 1499 composite?
False
Is 75847 a composite number?
True
Is 144539 a prime number?
True
Is 28597 a composite number?
False
Is 437617 prime?
False
Is 582203 composite?
False
Is 168127 composite?
False
Is 631219 prime?
False
Is 3647 a composite number?
True
Is 2043121 prime?
True
Is 30341 composite?
False
Is 149 a prime number?
True
Is 10517 composite?
True
Is 15833 prime?
False
Is 261779 prime?
False
Is 141023 a composite number?
False
Is 118831 a composite number?
False
Is 70159 composite?
True
Is 285647 prime?
False
Is 13549 prime?
False
Is 24611 prime?
True
Is 2237 a prime number?
True
Is 24307 composite?
True
Is 35221 prime?
True
Is 7391 prime?
False
Is 3683 a composite number?
True
Is 129937 prime?
True
Is 462219 prime?
False
Is 295357 a composite number?
False
Is 73517 a prime number?
True
Is 119809 a prime number?
True
Is 101833 a prime number?
True
Is 2016269 prime?
True
Is 431309 composite?
True
Is 216547 prime?
False
Is 258767 a composite number?
True
Is 2933 a composite number?
True
Is 5963 prime?
False
Is 263903 a composite number?
True
Is 136571 prime?
False
Is 349987 composite?
True
Is 45703 a composite number?
True
Is 7901 a composite number?
False
Is 37865 a prime number?
False
Is 31207 a composite number?
True
Is 35078 a composite number?
True
Is 166223 a composite number?
True
Is 43213 composite?
True
Is 683 a prime number?
True
Is 2921 prime?
False
Is 25621 prime?
True
Is 658751 prime?
True
Is 14759 prime?
True
Is 10559 composite?
False
Is 429991 a composite number?
False
Is 32251 prime?
True
Is 56915 a composite number?
True
Is 225919 a composite number?
False
Is 9227 prime?
True
Is 88441 a composite number?
True
Is 1009473 prime?
False
Is 613 composite?
False
Is 174479 a composite number?
True
Is 1513 composite?
True
Is 7411 a prime number?
True
Is 3214 a prime number?
False
Is 8171 a composite number?
False
Is 1823 a prime number?
True
Is 147233 a prime number?
False
Is 61463 prime?
True
Is 111577 composite?
False
Is 12494 a composite number?
True
Is 6866 a composite number?
True
Is 484681 composite?
True
Is 35087 composite?
True
Is 29461 a composite number?
True
Is 32561 a prime number?
True
Is 12451 a prime number?
True
Is 647695 composite?
True
Is 11863 prime?
True
Is 9103 a composite number?
False
Is 22849 prime?
False
Is 61853 prime?
False
Is 11587 composite?
False
Is 1438379 prime?
True
Is 39679 prime?
True
Is 37907 a prime number?
True
Is 154723 prime?
True
Is 587 a prime number?
True
Is 220823 a composite number?
True
Is 6623 a composite number?
True
Is 3505 composite?
True
Is 380179 a prime number?
True
Is 409195 a composite number?
True
Is 15902 prime?
False
Is 192341 composite?
False
Is 15109 prime?
False
Is 2059 composite?
True
Is 834221 prime?
True
Is 50639 prime?
False
Is 381 a composite number?
True
Is 19373 a prime number?
True
Is 2140942 a prime number?
False
Is 590093 prime?
False
Is 331141 composite?
False
Is 137073 composite?
True
Is 19561 composite?
True
Is 146122 a composite number?
True
Is 25417 prime?
False
Is 84947 a composite number?
False
Is 72997 composite?
False
Is 15929 composite?
True
Is 6767 prime?
False
Is 18637 a prime number?
True
Is 713437 a composite number?
True
Is 206879 a composite number?
False
Is 6333 a prime number?
False
Is 16855 prime?
False
Is 75967 a prime number?
True
Is 81919 prime?
True
Is 188677 prime?
True
Is 137273 a prime number?
True
Is 18947 composite?
False
Is 20717 a composite number?
False
Is 155 prime?
False
Is 25663 composite?
True
Is 21941 prime?
False
Is 75967 a prime number?
True
Is 923057 composite?
True
Is 41161 prime?
True
Is 42331 a composite number?
False
Is 77299 a composite number?
True
Is 1009559 a prime number?
True
Is 3221 a composite number?
False
Is 9271 prime?
False
Is 896519 a composite number?
True
Is 142183 a composite number?
False
Is 116707 a composite number?
False
Is 11111 composite?
True
Is 396091 a composite number?
False
Is 155003 composite?
False
Is 102142 a composite number?
True
Is 12343 composite?
False
Is 77083 a composite number?
True
Is 422339 composite?
False
Is 244073 a prime number?
False
Is 371207 prime?
False
Is 136267 a composite number?
True
Is 81827 prime?
False
Is 334421 prime?
True
Is 139021 a composite number?
False
Is 5263 a prime number?
False
Is 58991 a composite number?
False
Is 88643 a composite number?
False
Is 152371 a composite number?
True
Is 4717 composite?
True
Is 64159 prime?
False
Is 19831 composite?
True
Is 18229 a composite number?
False
Is 58469 composite?
True
Is 63577 composite?
False
Is 8915 prime?
False
Is 261561 a composite number?
True
Is 53129 a prime number?
True
Is 305605 a prime number?
False
Is 403717 a prime number?
True
Is 342501 a composite number?
True
Is 867541 a prime number?
True
Is 362818 composite?
True
Is 13291 prime?
True
Is 186209 composite?
True
Is 10541 a composite number?
True
Is 887629 prime?
True
Is 206083 composite?
False
Is 8713 composite?
False
Is 675998 prime?
False
Is 2219 composite?
True
Is 25195 prime?
False
Is 1078199 a composite number?
False
Is 17543 a composite number?
True
Is 83653 composite?
False
Is 6563 composite?
False
Is 258061 a composite number?
False
Is 74843 prime?
True
Is 1375498 a composite number?
True
Is 42961 a prime number?
True
Is 3137 composite?
False
Is 26141 a prime number?
True
Is 208433 composite?
False
Is 769407 composite?
True
Is 15577 a prime number?
False
Is 2759831 a prime number?
False
Is 34889 composite?
True
Is 64399 composite?
False
Is 196391 composite?
True
Is 92453 prime?
False
Is 44543 a prime number?
True
Is 127615 a composite number?
True
Is 1559 a composite number?
False
Is 9122 prime?
False
Is 157867 composite?
False
Is 24611 a prime number?
True
Is 2069 a prime number?
True
Is 89618 a prime number?
False
Is 6189 composite?
True
Is 70145 a prime number?
False
Is 158729 a prime number?
False
Is 9733 a prime number?
True
Is 433319 composite?
False
Is 30691 composite?
True
Is 967819 a composite number?
False
Is 30083 a prime number?
False
Is 5989405 composite?
True
Is 10357 prime?
True
Is 1175387 composite?
False
Is 1077211 a composite number?
True
Is 26083 a prime number?
True
Is 614258 a composite number?
True
Is 38489 a composite number?
True
Is 12811 composite?
True
Is 308449 prime?
False
Is 23773 prime?
True
Is 2179 a prime number?
True
Is 13781 composite?
False
Is 386101 composite?
True
Is 98123 a prime number?
True
Is 4751 a composite number?
False
Is 3747 prime?
False
Is 4369 a prime number?
False
Is 604387 a prime number?
False
Is 8849 composite?
False
Is 516038 prime?
False
Is 221873 a prime number?
True
Is 12449 a composite number?
True
Is 625589 prime?
True
Is 22843 a prime number?
False
Is 8663 composite?
False
Is 33997 a prime number?
True
Is 21269 a prime number?
True
Is 5468774 prime?
False
Is 213821 a composite number?
False
Is 8002 composite?
True
Is 8219 composite?
False
Is 23921 a prime number?
False
Is 14431 composite?
False
Is 56969 a prime number?
False
Is 21309 a composite number?
True
Is 1633865 a prime number?
False
Is 571719 composite?
True
Is 69 a composite number?
True
Is 8023967 prime?
False
Is 1345603 composite?
True
Is 4663 composite?
False
Is 9723955 a composite number?
True
Is 841 prime?
False
Is 10487 a composite number?
False
Is 24901 a prime number?
False
Is 59113 a prime number?
True
Is 27329 a prime number?
True
Is 1439 prime?
True
Is 775921